e factors of ((-3)/o)/((-4)/(-180))?
3, 5
Let i(g) = 4. Let k(p) = -p + 9. Let z(f) = 5*i(f) - 3*k(f). Let u be -2*-5*(-1)/(-2). List the prime factors of z(u).
2
Let l = -2 + 4. Let w(d) = -d**3 + 2*d**2 + d - 2. Let i be w(l). Let k = i - -7. What are the prime factors of k?
7
Let u(o) = 34*o + 42. What are the prime factors of u(10)?
2, 191
Let m(r) = r**3 + 4*r**2 - 5*r + 1. Let v be m(-5). Let h be -9 + (v - -1) + 1. Let y = 4 - h. List the prime factors of y.
2, 5
Let p be (-2)/5*5*4. Let m = -16 - -41. Let o = p + m. What are the prime factors of o?
17
Let h(r) be the first derivative of r**3/3 - 5*r**2/2 - 2*r + 1. List the prime factors of h(7).
2, 3
Let l(v) = 2*v**2 - 2. Let m be l(2). Let y be 2/1*(-2)/(-4). Let x = y + m. What are the prime factors of x?
7
Let j(d) = -d**2 + 6*d + 2. Let o be j(4). Suppose -o = -4*s + 3*s. What are the prime factors of s?
2, 5
Let s = 7 - 3. Suppose -4*f = 6*z - s*z - 22, -2*f - 1 = -3*z. Suppose -4*r + 5*p + 36 = -0*r, z*r - p = 16. List the prime factors of r.
2
Let r = -12 - -4. What are the prime factors of (-532)/(-22) - r/(-44)?
2, 3
Suppose 3*f + 4*r = 31, -3*f + 5*r + 11 = 4*r. Suppose 4*x = 3*v + 33, -f*x + 36 = v - 10. List the prime factors of x.
3
Let t be ((-5)/(-2))/(4/48). Suppose -t = -0*b - 2*b. What are the prime factors of b?
3, 5
Suppose -4*g + 25 = m, 5*g - 12 = -4*m + 11. List the prime factors of g.
7
Let k(g) = g + 3. List the prime factors of k(0).
3
Suppose -2*u - 3*l = -8 - 7, -5*u - 2*l + 65 = 0. Suppose -u = -4*i + i. Suppose -i*n = -4*n - 15. What are the prime factors of n?
3, 5
Suppose 3*p = -0 + 6. Suppose p*k - 116 = -k + 5*n, -k = n - 28. List the prime factors of k.
2
Let p(r) = r**3 + 4*r**2 - 7*r - 2. Let z be p(-5). Suppose -b + 0 + 10 = 0. Suppose 0 = -z*n + b*n - 16. List the prime factors of n.
2
Suppose 4*r = -13 - 11. List the prime factors of r/5*-2*15.
2, 3
Suppose 8*t - 2*t = 30. What are the prime factors of t?
5
Let d(x) = -4*x + 3. Let f be d(-3). Suppose -2*i - i = 0. Suppose -u - 4*u + f = i. List the prime factors of u.
3
Let o = 19 - 16. Suppose -53 = -5*c + 4*p, -c = o*c - 2*p - 40. What are the prime factors of c?
3
Suppose 4*m = -20, -5*g + m + 3*m + 170 = 0. List the prime factors of g.
2, 3, 5
Let b be -1 + -4 - (2 - 1). Suppose -o - o - 22 = 0. Let v = b - o. What are the prime factors of v?
5
Let r(u) = 4*u**2 - 10*u. List the prime factors of r(5).
2, 5
Let f = 26 - 13. What are the prime factors of f?
13
Let i = -12 - -57. Suppose 3*m = 6 + i. List the prime factors of m.
17
Let p(n) be the third derivative of 0 + 0*n + 1/24*n**4 - n**2 + 1/30*n**5 + 0*n**3. What are the prime factors of p(1)?
3
Let s be -3*(-4)/(-18)*-3. Suppose s*j + 2*j - 24 = 0. List the prime factors of j.
2, 3
Let y = -13 + 18. Suppose -y*t = -154 + 34. What are the prime factors of t?
2, 3
Let u(r) = -r + 0*r + 4 - 5 + 5. List the prime factors of u(-6).
2, 5
Let u be (-4)/(2 - 4) + 2. Let f = u + 15. List the prime factors of f.
19
Suppose -n = -3 + 13. Let j = 5 + n. Let w = j + 15. What are the prime factors of w?
2, 5
Let x(p) = p**2 - 5*p - 1. Let g be x(6). Suppose 4 = 3*m - 5*d + 3*d, g*d = -3*m - 31. Let h = m + 14. List the prime factors of h.
2, 3
Let q(s) = s**2 - 3*s - 3. Let c be q(-2). Suppose -46 = -2*x + c*i - 2*i, -5*i + 152 = 4*x. List the prime factors of x.
3, 11
Suppose 5 = -2*o + 273. List the prime factors of o.
2, 67
Suppose 0 = -2*b + 5*z + 330, -b - 3*z = 2*b - 537. What are the prime factors of b?
5, 7
Let a be (-3)/(-3) + (0 - 2). Let v be -3*(7/3 + a). Let s = 5 - v. List the prime factors of s.
3
Let o(x) = x**2 + 15*x + 6. List the prime factors of o(7).
2, 5
Let m(y) = 27*y**2. Let z be m(-1). Suppose 4*g = -o + 1, o - 3*g - 7 = -z. Let a = o + 20. What are the prime factors of a?
3
Suppose 2*a + 12 = 5*x - 12, -x - 5*a - 6 = 0. Suppose 0*u + 32 = x*u. List the prime factors of u.
2
Let p(t) = -t**2 + 11*t - 3. Let w be p(11). List the prime factors of (-1)/w + 295/15.
2, 5
Suppose 3*u = -0*u + 99. What are the prime factors of u?
3, 11
Suppose -3*w - 6*y + 3*y = -108, 0 = w - 5*y - 66. What are the prime factors of w?
41
Let x = -8 + 11. Let w(r) = 3*r**x - 5 - 2*r**3 + 3*r - 3*r**2 - 4*r**2 + r**2. What are the prime factors of w(6)?
13
Let a = 17 - -13. List the prime factors of a.
2, 3, 5
Let m(j) = -4*j + 10. Let h be m(-8). List the prime factors of (2/(-1))/((-4)/h).
3, 7
Let r be 0/(-4) - (0 + 2). Let j = 7 - r. List the prime factors of j/(0 + -3) - -23.
2, 5
Suppose -g + 13 = 5*r - 18, 4*r + 67 = g. What are the prime factors of g?
3, 17
Suppose -5*s + 0*s + y + 200 = 0, -y = 4*s - 169. What are the prime factors of s?
41
Let x(i) = -3*i - 10. Let q(c) = 3*c + 9. Let h(z) = -6*q(z) - 5*x(z). Let f = 1 + -5. List the prime factors of h(f).
2
Suppose 3*b = -d + 58 - 17, -4*b + 5*d + 23 = 0. Suppose 8 = l + l - 2*g, -3*g = 5*l - b. What are the prime factors of l?
3
List the prime factors of (20/(-25))/(4/(-170) + 0).
2, 17
Suppose -2*z + 5*z = -4*v + 93, -3*z + 4*v + 93 = 0. What are the prime factors of z?
31
Let j = -135 - -197. List the prime factors of j.
2, 31
Suppose c + x = -3*x - 29, 3*x + 9 = 0. Suppose 2*u - 18 = a + 5*u, 5*u = a + 2. Let i = a - c. What are the prime factors of i?
5
Let k(j) = -11*j - 1. Let h be k(-5). Let d = -30 + h. List the prime factors of d.
2, 3
Let d(v) = -151*v + 28. List the prime factors of d(-2).
2, 3, 5, 11
List the prime factors of (-29)/(-2) - (-11)/(-22).
2, 7
Let u = -1 - -3. Suppose 2*z - 4 = -o, -o - 20 = -2*o + u*z. List the prime factors of o.
2, 3
Suppose -5*s + a = -44, 2*s = -0*s + 2*a + 24. List the prime factors of s.
2
Suppose 0 = 4*m - 2*m + 8. Let l = -1 - 1. What are the prime factors of (m/(-6))/(l/(-21))?
7
Let k = 10 - -15. List the prime factors of k.
5
Let k(a) = a**2 - 10*a + 15. Suppose 0 = -3*s + 15 + 15. List the prime factors of k(s).
3, 5
List the prime factors of 4/((16/(-4))/(-132)).
2, 3, 11
What are the prime factors of (-4)/(-18) + 16471/117?
3, 47
Let p = -5 - -4. Suppose -3 = 5*n + 2. List the prime factors of (-3 - 1)*n + p.
3
Suppose -w - w = -10. Suppose 4*t - 7*t = 5*j - 40, -5*j + 10 = 0. Let f = t + w. List the prime factors of f.
3, 5
Let h(v) = 2*v + 2. Let q be h(-3). Let t be q + -3 + 4 + 0. Let i(u) = u**3 + 4*u**2 + u - 1. What are the prime factors of i(t)?
5
Let h be -3 - 0 - 1*7. Let m = h + 16. What are the prime factors of m?
2, 3
Suppose -5*p = -3*y - 59, -3 = -4*p + 1. Let h be (-4)/y - (-136)/36. What are the prime factors of 118/8 + (-3)/h?
2, 7
Let q be (-2)/7 + 486/(-14). Let y = q - -59. Suppose -5*d + d = -y. List the prime factors of d.
2, 3
Let w(a) = -a**2 + 3*a + 2. Let s be w(2). Let g = s + -1. What are the prime factors of g?
3
Let d(k) = -5*k - 26. What are the prime factors of d(-17)?
59
Let r = 0 - 2. List the prime factors of (-3)/((-3)/(-2) + r).
2, 3
Let i(q) = -3*q**3 + q**2 - 1. Let c be i(-1). Let v be -12*4/8*-1. Let o = v + c. List the prime factors of o.
3
Suppose 0 = -3*n + 12, 3*x - 5*n - 13 + 3 = 0. Let k be 2/(-4) - 22/4. Let j = k + x. List the prime factors of j.
2
Let q(x) = 4*x**3 + 2*x - 1. Let f(b) = 2*b**2 - 2*b - 1. Let g(l) = l**2 - 1. Let o(a) = -f(a) + 3*g(a). Let m be o(-3). List the prime factors of q(m).
5
Let u(m) = m + 2. Let g be u(3). Suppose -c = -g*c + 8. What are the prime factors of c/3*(-6)/(-1)?
2
Let d(k) = 52*k + 5. What are the prime factors of d(5)?
5, 53
Suppose -2*d + o = -1 + 3, 5*o = 0. Let a(s) = -18*s**3 + s**2 - s - 1. What are the prime factors of a(d)?
19
Let p = 16 + 6. List the prime factors of p.
2, 11
What are the prime factors of -1 + (-5)/((-15)/12)?
3
Let z(c) be the second derivative of 0 + 3/2*c**2 - 1/12*c**4 - c + 4/3*c**3. List the prime factors of z(7).
2, 5
Let q(s) = -2*s + 8. Let z be q(7). Let g be (-165)/(-9) + (-4)/z. Suppose -2*x - 4*t = -8, g = -4*x + t + 44. What are the prime factors of x?
2, 3
Suppose -5*l + 20 = -0*l. Let m(g) = -g**2 + 1. Let y(v) = 12*v**2 - 2*v - 12. Let u(p) = 22*m(p) + 2*y(p). What are the prime factors of u(l)?
2, 7
Suppose -3*z + 107 = -4*a, 5*a + 180 = 5*z - 0*a. Let u = -33 + 12. Let b = u + z. What are the prime factors of b?
2
Let n(a) = 4*a**2 + 5*a + 3. Let b(k) = k**2 + 1. Let g(d) = -3*b(d) + n(d). Supp